{"id":185,"date":"2023-01-29T21:35:36","date_gmt":"2023-01-29T21:35:36","guid":{"rendered":"https:\/\/www.sarahs-schokoladen.at\/?page_id=185"},"modified":"2025-04-07T09:14:43","modified_gmt":"2025-04-07T07:14:43","slug":"kaufen","status":"publish","type":"page","link":"https:\/\/www.sarahs-schokoladen.at\/?page_id=185","title":{"rendered":"Vorbestellen &#8211; Kaufen &#8211; Genie\u00dfen"},"content":{"rendered":"Ich lege gro\u00dfen Wert auf frische Produkte und freue mich sehr \u00fcber individuelle Bestellungen. Daher gibt es auch keinen Online-Shop.\n\nSie bekommen alle Schokoladen-Produkte direkt bei mir, jedoch am Besten mit Vorbestellung. Oft lohnt es sich aber auch spontan bei mir anzufragen, denn vielleicht produziere ich sowieso gerade f\u00fcr einen anderen Kunden.\n\nMeine Pralinen, Schokol\u00f6ffel und Osterhasen finden sie auch bei Murkostladen &amp; Genussecke Gregorc in Mureck.\nDie Trinkschokoladen k\u00f6nnen sie im Caf\u00e9 Grieslerei im \u00c4rztezentrum Mureck, sowie im Caf\u00e9 von Murkostladne &amp; Genussecke Gregorc direkt genie\u00dfen.\n\nTorten und T\u00f6rtchen gibt es nur auf Bestellung. Da ich meine Selbstst\u00e4ndigkeit nebenberuflich aus\u00fcbe, bitte ich auch hier um rechtzeitige Bestellung, denn ich habe keine B\u00f6den auf Vorrat eingefroren, bei mir wird jeder Auftrag aktuell durchkalkuliert, alle Zutaten entsprechend eingekauft und frisch gebacken.\n\n<!-- \/wp:post-content -->","protected":false},"excerpt":{"rendered":"<p>Ich lege gro\u00dfen Wert auf frische Produkte und freue mich sehr \u00fcber individuelle Bestellungen. Daher gibt es auch keinen Online-Shop. Sie bekommen alle Schokoladen-Produkte direkt bei mir, jedoch am Besten mit Vorbestellung. Oft lohnt es sich aber auch spontan bei mir anzufragen, denn vielleicht produziere ich sowieso gerade f\u00fcr einen anderen Kunden. Meine Pralinen, Schokol\u00f6ffel und Osterhasen finden sie auch bei Murkostladen &amp; Genussecke Gregorc in Mureck. Die Trinkschokoladen k\u00f6nnen sie im Caf\u00e9 Grieslerei im \u00c4rztezentrum Mureck, sowie im Caf\u00e9 &hellip; <a href=\"https:\/\/www.sarahs-schokoladen.at\/?page_id=185\" class=\"more-link\">Continue reading<span class=\"screen-reader-text\"> &#8222;Vorbestellen &#8211; Kaufen &#8211; Genie\u00dfen&#8220;<\/span><\/a><\/p>\n","protected":false},"author":1,"featured_media":0,"parent":15,"menu_order":1,"comment_status":"closed","ping_status":"closed","template":"","meta":{"footnotes":""},"class_list":["post-185","page","type-page","status-publish","hentry"],"_links":{"self":[{"href":"https:\/\/www.sarahs-schokoladen.at\/index.php?rest_route=\/wp\/v2\/pages\/185","targetHints":{"allow":["GET"]}}],"collection":[{"href":"https:\/\/www.sarahs-schokoladen.at\/index.php?rest_route=\/wp\/v2\/pages"}],"about":[{"href":"https:\/\/www.sarahs-schokoladen.at\/index.php?rest_route=\/wp\/v2\/types\/page"}],"author":[{"embeddable":true,"href":"https:\/\/www.sarahs-schokoladen.at\/index.php?rest_route=\/wp\/v2\/users\/1"}],"replies":[{"embeddable":true,"href":"https:\/\/www.sarahs-schokoladen.at\/index.php?rest_route=%2Fwp%2Fv2%2Fcomments&post=185"}],"version-history":[{"count":4,"href":"https:\/\/www.sarahs-schokoladen.at\/index.php?rest_route=\/wp\/v2\/pages\/185\/revisions"}],"predecessor-version":[{"id":316,"href":"https:\/\/www.sarahs-schokoladen.at\/index.php?rest_route=\/wp\/v2\/pages\/185\/revisions\/316"}],"up":[{"embeddable":true,"href":"https:\/\/www.sarahs-schokoladen.at\/index.php?rest_route=\/wp\/v2\/pages\/15"}],"wp:attachment":[{"href":"https:\/\/www.sarahs-schokoladen.at\/index.php?rest_route=%2Fwp%2Fv2%2Fmedia&parent=185"}],"curies":[{"name":"wp","href":"https:\/\/api.w.org\/{rel}","templated":true}]}}