{"id":15,"date":"2021-03-13T13:03:57","date_gmt":"2021-03-13T13:03:57","guid":{"rendered":"https:\/\/www.sarahs-schokoladen.at\/?page_id=15"},"modified":"2024-11-08T18:14:47","modified_gmt":"2024-11-08T17:14:47","slug":"pralinen-und-schokolade","status":"publish","type":"page","link":"https:\/\/www.sarahs-schokoladen.at\/?page_id=15","title":{"rendered":"Pralinen &#038; Schokolade"},"content":{"rendered":"<\/p>\n<div class=\"wp-block-columns\"><p><\/p>\n<div class=\"wp-block-column is-layout-flow wp-block-column-is-layout-flow\"><p><\/p>\n<p>Eine Besonderheit zu Ostern sind meine Schoko-Osterhasen, nachhaltig und edel verpackt im Schraubglas. Die Hasen sind in Zartbitterkuvert\u00fcre oder wei\u00dfer Kuvert\u00fcre erh\u00e4ltlich. Jeder Hase sitzt in einem Nest aus essbarem Ostergras.<\/p>\n<\/div>\n<\/div>\n<\/div>\n\n\n\n<p><\/p>\n<!-- \/wp:columns --><!-- wp:post-content --><!-- wp:columns -->\n<div class=\"wp-block-columns\"><!-- wp:column -->\n<div class=\"wp-block-column\"><!-- wp:paragraph {\"align\":\"left\"} -->\n<p class=\"has-text-align-left\">F\u00fcr die Herstellung von Pralinen und Tafelschokoladen verwende ich hochwertige Kuvert\u00fcre. Die Kuvert\u00fcre wird bei mir immer von Hand auf einer Steinplatte tabliert, denn dadurch l\u00e4sst sie sich am Besten auf die richtige Verarbeitungstemperatur bringen.<\/p>\n<!-- \/wp:paragraph --><\/div>\n<!-- \/wp:column -->\n\n<!-- wp:column -->\n<div class=\"wp-block-column\"><!-- wp:image {\"id\":259,\"width\":\"300px\",\"sizeSlug\":\"large\",\"linkDestination\":\"media\",\"align\":\"center\"} -->\n<figure class=\"wp-block-image aligncenter size-large is-resized\"><a href=\"https:\/\/www.sarahs-schokoladen.at\/wp-content\/uploads\/2024\/06\/e-scaled.jpg\"><img loading=\"lazy\" decoding=\"async\" width=\"1024\" height=\"768\" src=\"https:\/\/www.sarahs-schokoladen.at\/wp-content\/uploads\/2024\/06\/e-1024x768.jpg\" alt=\"\" class=\"wp-image-259\" style=\"width:300px\" srcset=\"https:\/\/www.sarahs-schokoladen.at\/wp-content\/uploads\/2024\/06\/e-1024x768.jpg 1024w, https:\/\/www.sarahs-schokoladen.at\/wp-content\/uploads\/2024\/06\/e-300x225.jpg 300w, https:\/\/www.sarahs-schokoladen.at\/wp-content\/uploads\/2024\/06\/e-768x576.jpg 768w, https:\/\/www.sarahs-schokoladen.at\/wp-content\/uploads\/2024\/06\/e-1536x1152.jpg 1536w, https:\/\/www.sarahs-schokoladen.at\/wp-content\/uploads\/2024\/06\/e-2048x1536.jpg 2048w, https:\/\/www.sarahs-schokoladen.at\/wp-content\/uploads\/2024\/06\/e-1200x900.jpg 1200w\" sizes=\"auto, (max-width: 709px) 85vw, (max-width: 909px) 67vw, (max-width: 1362px) 62vw, 840px\" \/><\/a><\/figure>\n<!-- \/wp:image --><\/div>\n<!-- \/wp:column --><\/div>\n<!-- \/wp:columns -->\n\n<!-- wp:columns -->\n<div class=\"wp-block-columns\"><!-- wp:column -->\n<div class=\"wp-block-column\"><!-- wp:image {\"id\":264,\"width\":\"300px\",\"sizeSlug\":\"large\",\"linkDestination\":\"media\",\"align\":\"center\"} -->\n<figure class=\"wp-block-image aligncenter size-large is-resized\"><a href=\"https:\/\/www.sarahs-schokoladen.at\/wp-content\/uploads\/2024\/06\/j-scaled.jpg\"><img loading=\"lazy\" decoding=\"async\" width=\"1024\" height=\"768\" src=\"https:\/\/www.sarahs-schokoladen.at\/wp-content\/uploads\/2024\/06\/j-1024x768.jpg\" alt=\"\" class=\"wp-image-264\" style=\"width:300px\" srcset=\"https:\/\/www.sarahs-schokoladen.at\/wp-content\/uploads\/2024\/06\/j-1024x768.jpg 1024w, https:\/\/www.sarahs-schokoladen.at\/wp-content\/uploads\/2024\/06\/j-300x225.jpg 300w, https:\/\/www.sarahs-schokoladen.at\/wp-content\/uploads\/2024\/06\/j-768x576.jpg 768w, https:\/\/www.sarahs-schokoladen.at\/wp-content\/uploads\/2024\/06\/j-1536x1152.jpg 1536w, https:\/\/www.sarahs-schokoladen.at\/wp-content\/uploads\/2024\/06\/j-2048x1536.jpg 2048w, https:\/\/www.sarahs-schokoladen.at\/wp-content\/uploads\/2024\/06\/j-1200x900.jpg 1200w\" sizes=\"auto, (max-width: 709px) 85vw, (max-width: 909px) 67vw, (max-width: 1362px) 62vw, 840px\" \/><\/a><\/figure>\n<!-- \/wp:image -->\n\n<!-- wp:paragraph -->\n<p>Die verschiedenen Ausf\u00fchrungen in Form, Farbe und Verzierung der Pralinen erm\u00f6glichen es die F\u00fcllung anhand ihres Aussehens abzuleiten.<\/p>\n<!-- \/wp:paragraph -->\n\n<!-- wp:paragraph -->\n<p>Auf Grund dieser Varianten kann ich auch so viele unterschiedliche Sorten in meinem Sortiment anbieten.<\/p>\n<!-- \/wp:paragraph -->\n\n<!-- wp:image {\"id\":257,\"width\":\"300px\",\"sizeSlug\":\"large\",\"linkDestination\":\"media\",\"align\":\"center\"} -->\n<figure class=\"wp-block-image aligncenter size-large is-resized\"><a href=\"https:\/\/www.sarahs-schokoladen.at\/wp-content\/uploads\/2024\/06\/c-scaled.jpg\"><img loading=\"lazy\" decoding=\"async\" width=\"1024\" height=\"768\" src=\"https:\/\/www.sarahs-schokoladen.at\/wp-content\/uploads\/2024\/06\/c-1024x768.jpg\" alt=\"\" class=\"wp-image-257\" style=\"width:300px\" srcset=\"https:\/\/www.sarahs-schokoladen.at\/wp-content\/uploads\/2024\/06\/c-1024x768.jpg 1024w, https:\/\/www.sarahs-schokoladen.at\/wp-content\/uploads\/2024\/06\/c-300x225.jpg 300w, https:\/\/www.sarahs-schokoladen.at\/wp-content\/uploads\/2024\/06\/c-768x576.jpg 768w, https:\/\/www.sarahs-schokoladen.at\/wp-content\/uploads\/2024\/06\/c-1536x1152.jpg 1536w, https:\/\/www.sarahs-schokoladen.at\/wp-content\/uploads\/2024\/06\/c-2048x1536.jpg 2048w, https:\/\/www.sarahs-schokoladen.at\/wp-content\/uploads\/2024\/06\/c-1200x900.jpg 1200w\" sizes=\"auto, (max-width: 709px) 85vw, (max-width: 909px) 67vw, (max-width: 1362px) 62vw, 840px\" \/><\/a><\/figure>\n<!-- \/wp:image -->\n\n<!-- wp:paragraph -->\n<p>Bei Ganachen mit Alkohol arbeite ich gerne mit regionalen Produkten, wie zum Beispiel von Selinscheks Edle Tropfen.<br><\/p>\n<!-- \/wp:paragraph --><\/div>\n<!-- \/wp:column -->\n\n<!-- wp:column -->\n<div class=\"wp-block-column\"><!-- wp:group {\"layout\":{\"type\":\"constrained\"}} -->\n<div class=\"wp-block-group\"><!-- wp:columns -->\n<div class=\"wp-block-columns\"><!-- wp:column {\"width\":\"100%\"} -->\n<div class=\"wp-block-column\" style=\"flex-basis:100%\"><!-- wp:paragraph -->\n<p>Neben Schnittpralinen und Pralinen in Kugelform werden alle anderen Pralinen in Polycarbonatformen gegossen wodurch sie diesen sch\u00f6nen Glanz bekommen. Auch die Tafelschokoladen werden mit Polycarbonatformen gemacht.<\/p>\n<!-- \/wp:paragraph --><\/div>\n<!-- \/wp:column --><\/div>\n<!-- \/wp:columns --><\/div>\n<!-- \/wp:group -->\n\n<!-- wp:image {\"id\":258,\"width\":\"300px\",\"sizeSlug\":\"large\",\"linkDestination\":\"media\",\"align\":\"center\"} -->\n<figure class=\"wp-block-image aligncenter size-large is-resized\"><a href=\"https:\/\/www.sarahs-schokoladen.at\/wp-content\/uploads\/2024\/06\/d-scaled.jpg\"><img loading=\"lazy\" decoding=\"async\" width=\"1024\" height=\"768\" src=\"https:\/\/www.sarahs-schokoladen.at\/wp-content\/uploads\/2024\/06\/d-1024x768.jpg\" alt=\"\" class=\"wp-image-258\" style=\"width:300px\" srcset=\"https:\/\/www.sarahs-schokoladen.at\/wp-content\/uploads\/2024\/06\/d-1024x768.jpg 1024w, https:\/\/www.sarahs-schokoladen.at\/wp-content\/uploads\/2024\/06\/d-300x225.jpg 300w, https:\/\/www.sarahs-schokoladen.at\/wp-content\/uploads\/2024\/06\/d-768x576.jpg 768w, https:\/\/www.sarahs-schokoladen.at\/wp-content\/uploads\/2024\/06\/d-1536x1152.jpg 1536w, https:\/\/www.sarahs-schokoladen.at\/wp-content\/uploads\/2024\/06\/d-2048x1536.jpg 2048w, https:\/\/www.sarahs-schokoladen.at\/wp-content\/uploads\/2024\/06\/d-1200x900.jpg 1200w\" sizes=\"auto, (max-width: 709px) 85vw, (max-width: 909px) 67vw, (max-width: 1362px) 62vw, 840px\" \/><\/a><\/figure>\n<!-- \/wp:image -->\n\n<!-- wp:paragraph -->\n<p>Bei den Ganachen (das ist der Fachausdruck f\u00fcr F\u00fcllungen) und Dekorationen lege ich besonderen Wert auf nat\u00fcrliche Zutaten. Fruchtf\u00fcllungen werden bei mir nach M\u00f6glichkeit mit selbstgemachtem Fruchtp\u00fcrree oder Fruchtgelee gemacht, daher gibt es nicht alle Sorten das ganze Jahr \u00fcber.<\/p>\n<!-- \/wp:paragraph -->\n\n<!-- wp:image {\"id\":261,\"width\":\"300px\",\"sizeSlug\":\"large\",\"linkDestination\":\"media\",\"align\":\"center\"} -->\n<figure class=\"wp-block-image aligncenter size-large is-resized\"><a href=\"https:\/\/www.sarahs-schokoladen.at\/wp-content\/uploads\/2024\/06\/g-scaled.jpg\"><img loading=\"lazy\" decoding=\"async\" width=\"1024\" height=\"768\" src=\"https:\/\/www.sarahs-schokoladen.at\/wp-content\/uploads\/2024\/06\/g-1024x768.jpg\" alt=\"\" class=\"wp-image-261\" style=\"width:300px\" srcset=\"https:\/\/www.sarahs-schokoladen.at\/wp-content\/uploads\/2024\/06\/g-1024x768.jpg 1024w, https:\/\/www.sarahs-schokoladen.at\/wp-content\/uploads\/2024\/06\/g-300x225.jpg 300w, https:\/\/www.sarahs-schokoladen.at\/wp-content\/uploads\/2024\/06\/g-768x576.jpg 768w, https:\/\/www.sarahs-schokoladen.at\/wp-content\/uploads\/2024\/06\/g-1536x1152.jpg 1536w, https:\/\/www.sarahs-schokoladen.at\/wp-content\/uploads\/2024\/06\/g-2048x1536.jpg 2048w, https:\/\/www.sarahs-schokoladen.at\/wp-content\/uploads\/2024\/06\/g-1200x900.jpg 1200w\" sizes=\"auto, (max-width: 709px) 85vw, (max-width: 909px) 67vw, (max-width: 1362px) 62vw, 840px\" \/><\/a><\/figure>\n<!-- \/wp:image --><\/div>\n<!-- \/wp:column --><\/div>\n<!-- \/wp:columns -->\n\n<!-- wp:paragraph -->\n<p>F\u00fcr die meisten Kr\u00e4uterf\u00fcllungen mache ich aus frischen oder getrockneten Kr\u00e4utern, aus dem Garten meiner Mama (Zuhause im Kr\u00e4utergl\u00fcck), einen Auszug mit Schlag. Bei manchen Kr\u00e4utern schmeckt es auch hervorragend diese in gehackter Form direkt in die F\u00fcllung zu r\u00fchren. Gerne setze ich getrocknete Kr\u00e4uter auch als Dekoration auf die Pralinen drauf. <br>Bei Gew\u00fcrzen und N\u00fcssen halte ich meine Augen nach heimischen Produzenten offen, um auch hier umsteigen zu k\u00f6nnen.<\/p>\n<!-- \/wp:paragraph -->\n\n<!-- wp:gallery {\"columns\":5,\"linkTo\":\"none\"} -->\n<figure class=\"wp-block-gallery has-nested-images columns-5 is-cropped\"><!-- wp:image {\"id\":255,\"sizeSlug\":\"large\",\"linkDestination\":\"none\"} -->\n<figure class=\"wp-block-image size-large\"><img loading=\"lazy\" decoding=\"async\" width=\"1024\" height=\"768\" src=\"https:\/\/www.sarahs-schokoladen.at\/wp-content\/uploads\/2024\/06\/a-1024x768.jpg\" alt=\"\" class=\"wp-image-255\" srcset=\"https:\/\/www.sarahs-schokoladen.at\/wp-content\/uploads\/2024\/06\/a-1024x768.jpg 1024w, https:\/\/www.sarahs-schokoladen.at\/wp-content\/uploads\/2024\/06\/a-300x225.jpg 300w, https:\/\/www.sarahs-schokoladen.at\/wp-content\/uploads\/2024\/06\/a-768x576.jpg 768w, https:\/\/www.sarahs-schokoladen.at\/wp-content\/uploads\/2024\/06\/a-1536x1152.jpg 1536w, https:\/\/www.sarahs-schokoladen.at\/wp-content\/uploads\/2024\/06\/a-2048x1536.jpg 2048w, https:\/\/www.sarahs-schokoladen.at\/wp-content\/uploads\/2024\/06\/a-1200x900.jpg 1200w\" sizes=\"auto, (max-width: 709px) 85vw, (max-width: 909px) 67vw, (max-width: 1362px) 62vw, 840px\" \/><\/figure>\n<!-- \/wp:image -->\n\n<!-- wp:image {\"id\":256,\"sizeSlug\":\"large\",\"linkDestination\":\"none\"} -->\n<figure class=\"wp-block-image size-large\"><img loading=\"lazy\" decoding=\"async\" width=\"1024\" height=\"768\" src=\"https:\/\/www.sarahs-schokoladen.at\/wp-content\/uploads\/2024\/06\/b-1024x768.jpg\" alt=\"\" class=\"wp-image-256\" srcset=\"https:\/\/www.sarahs-schokoladen.at\/wp-content\/uploads\/2024\/06\/b-1024x768.jpg 1024w, https:\/\/www.sarahs-schokoladen.at\/wp-content\/uploads\/2024\/06\/b-300x225.jpg 300w, https:\/\/www.sarahs-schokoladen.at\/wp-content\/uploads\/2024\/06\/b-768x576.jpg 768w, https:\/\/www.sarahs-schokoladen.at\/wp-content\/uploads\/2024\/06\/b-1536x1152.jpg 1536w, https:\/\/www.sarahs-schokoladen.at\/wp-content\/uploads\/2024\/06\/b-2048x1536.jpg 2048w, https:\/\/www.sarahs-schokoladen.at\/wp-content\/uploads\/2024\/06\/b-1200x900.jpg 1200w\" sizes=\"auto, (max-width: 709px) 85vw, (max-width: 909px) 67vw, (max-width: 1362px) 62vw, 840px\" \/><\/figure>\n<!-- \/wp:image -->\n\n<!-- wp:image {\"id\":257,\"sizeSlug\":\"large\",\"linkDestination\":\"none\"} -->\n<figure class=\"wp-block-image size-large\"><img loading=\"lazy\" decoding=\"async\" width=\"1024\" height=\"768\" src=\"https:\/\/www.sarahs-schokoladen.at\/wp-content\/uploads\/2024\/06\/c-1024x768.jpg\" alt=\"\" class=\"wp-image-257\" srcset=\"https:\/\/www.sarahs-schokoladen.at\/wp-content\/uploads\/2024\/06\/c-1024x768.jpg 1024w, https:\/\/www.sarahs-schokoladen.at\/wp-content\/uploads\/2024\/06\/c-300x225.jpg 300w, https:\/\/www.sarahs-schokoladen.at\/wp-content\/uploads\/2024\/06\/c-768x576.jpg 768w, https:\/\/www.sarahs-schokoladen.at\/wp-content\/uploads\/2024\/06\/c-1536x1152.jpg 1536w, https:\/\/www.sarahs-schokoladen.at\/wp-content\/uploads\/2024\/06\/c-2048x1536.jpg 2048w, https:\/\/www.sarahs-schokoladen.at\/wp-content\/uploads\/2024\/06\/c-1200x900.jpg 1200w\" sizes=\"auto, (max-width: 709px) 85vw, (max-width: 909px) 67vw, (max-width: 1362px) 62vw, 840px\" \/><\/figure>\n<!-- \/wp:image -->\n\n<!-- wp:image {\"id\":258,\"sizeSlug\":\"large\",\"linkDestination\":\"none\"} -->\n<figure class=\"wp-block-image size-large\"><img loading=\"lazy\" decoding=\"async\" width=\"1024\" height=\"768\" src=\"https:\/\/www.sarahs-schokoladen.at\/wp-content\/uploads\/2024\/06\/d-1024x768.jpg\" alt=\"\" class=\"wp-image-258\" srcset=\"https:\/\/www.sarahs-schokoladen.at\/wp-content\/uploads\/2024\/06\/d-1024x768.jpg 1024w, https:\/\/www.sarahs-schokoladen.at\/wp-content\/uploads\/2024\/06\/d-300x225.jpg 300w, https:\/\/www.sarahs-schokoladen.at\/wp-content\/uploads\/2024\/06\/d-768x576.jpg 768w, https:\/\/www.sarahs-schokoladen.at\/wp-content\/uploads\/2024\/06\/d-1536x1152.jpg 1536w, https:\/\/www.sarahs-schokoladen.at\/wp-content\/uploads\/2024\/06\/d-2048x1536.jpg 2048w, https:\/\/www.sarahs-schokoladen.at\/wp-content\/uploads\/2024\/06\/d-1200x900.jpg 1200w\" sizes=\"auto, (max-width: 709px) 85vw, (max-width: 909px) 67vw, (max-width: 1362px) 62vw, 840px\" \/><\/figure>\n<!-- \/wp:image -->\n\n<!-- wp:image {\"id\":259,\"sizeSlug\":\"large\",\"linkDestination\":\"none\"} -->\n<figure class=\"wp-block-image size-large\"><img loading=\"lazy\" decoding=\"async\" width=\"1024\" height=\"768\" src=\"https:\/\/www.sarahs-schokoladen.at\/wp-content\/uploads\/2024\/06\/e-1024x768.jpg\" alt=\"\" class=\"wp-image-259\" srcset=\"https:\/\/www.sarahs-schokoladen.at\/wp-content\/uploads\/2024\/06\/e-1024x768.jpg 1024w, https:\/\/www.sarahs-schokoladen.at\/wp-content\/uploads\/2024\/06\/e-300x225.jpg 300w, https:\/\/www.sarahs-schokoladen.at\/wp-content\/uploads\/2024\/06\/e-768x576.jpg 768w, https:\/\/www.sarahs-schokoladen.at\/wp-content\/uploads\/2024\/06\/e-1536x1152.jpg 1536w, https:\/\/www.sarahs-schokoladen.at\/wp-content\/uploads\/2024\/06\/e-2048x1536.jpg 2048w, https:\/\/www.sarahs-schokoladen.at\/wp-content\/uploads\/2024\/06\/e-1200x900.jpg 1200w\" sizes=\"auto, (max-width: 709px) 85vw, (max-width: 909px) 67vw, (max-width: 1362px) 62vw, 840px\" \/><\/figure>\n<!-- \/wp:image -->\n\n<!-- wp:image {\"id\":260,\"sizeSlug\":\"large\",\"linkDestination\":\"none\"} -->\n<figure class=\"wp-block-image size-large\"><img loading=\"lazy\" decoding=\"async\" width=\"1024\" height=\"768\" src=\"https:\/\/www.sarahs-schokoladen.at\/wp-content\/uploads\/2024\/06\/f-1024x768.jpg\" alt=\"\" class=\"wp-image-260\" srcset=\"https:\/\/www.sarahs-schokoladen.at\/wp-content\/uploads\/2024\/06\/f-1024x768.jpg 1024w, https:\/\/www.sarahs-schokoladen.at\/wp-content\/uploads\/2024\/06\/f-300x225.jpg 300w, https:\/\/www.sarahs-schokoladen.at\/wp-content\/uploads\/2024\/06\/f-768x576.jpg 768w, https:\/\/www.sarahs-schokoladen.at\/wp-content\/uploads\/2024\/06\/f-1536x1152.jpg 1536w, https:\/\/www.sarahs-schokoladen.at\/wp-content\/uploads\/2024\/06\/f-2048x1536.jpg 2048w, https:\/\/www.sarahs-schokoladen.at\/wp-content\/uploads\/2024\/06\/f-1200x900.jpg 1200w\" sizes=\"auto, (max-width: 709px) 85vw, (max-width: 909px) 67vw, (max-width: 1362px) 62vw, 840px\" \/><\/figure>\n<!-- \/wp:image -->\n\n<!-- wp:image {\"id\":261,\"sizeSlug\":\"large\",\"linkDestination\":\"none\"} -->\n<figure class=\"wp-block-image size-large\"><img loading=\"lazy\" decoding=\"async\" width=\"1024\" height=\"768\" src=\"https:\/\/www.sarahs-schokoladen.at\/wp-content\/uploads\/2024\/06\/g-1024x768.jpg\" alt=\"\" class=\"wp-image-261\" srcset=\"https:\/\/www.sarahs-schokoladen.at\/wp-content\/uploads\/2024\/06\/g-1024x768.jpg 1024w, https:\/\/www.sarahs-schokoladen.at\/wp-content\/uploads\/2024\/06\/g-300x225.jpg 300w, https:\/\/www.sarahs-schokoladen.at\/wp-content\/uploads\/2024\/06\/g-768x576.jpg 768w, https:\/\/www.sarahs-schokoladen.at\/wp-content\/uploads\/2024\/06\/g-1536x1152.jpg 1536w, https:\/\/www.sarahs-schokoladen.at\/wp-content\/uploads\/2024\/06\/g-2048x1536.jpg 2048w, https:\/\/www.sarahs-schokoladen.at\/wp-content\/uploads\/2024\/06\/g-1200x900.jpg 1200w\" sizes=\"auto, (max-width: 709px) 85vw, (max-width: 909px) 67vw, (max-width: 1362px) 62vw, 840px\" \/><\/figure>\n<!-- \/wp:image -->\n\n<!-- wp:image {\"id\":262,\"sizeSlug\":\"large\",\"linkDestination\":\"none\"} -->\n<figure class=\"wp-block-image size-large\"><img loading=\"lazy\" decoding=\"async\" width=\"1024\" height=\"768\" src=\"https:\/\/www.sarahs-schokoladen.at\/wp-content\/uploads\/2024\/06\/h-1024x768.jpg\" alt=\"\" class=\"wp-image-262\" srcset=\"https:\/\/www.sarahs-schokoladen.at\/wp-content\/uploads\/2024\/06\/h-1024x768.jpg 1024w, https:\/\/www.sarahs-schokoladen.at\/wp-content\/uploads\/2024\/06\/h-300x225.jpg 300w, https:\/\/www.sarahs-schokoladen.at\/wp-content\/uploads\/2024\/06\/h-768x576.jpg 768w, https:\/\/www.sarahs-schokoladen.at\/wp-content\/uploads\/2024\/06\/h-1536x1152.jpg 1536w, https:\/\/www.sarahs-schokoladen.at\/wp-content\/uploads\/2024\/06\/h-2048x1536.jpg 2048w, https:\/\/www.sarahs-schokoladen.at\/wp-content\/uploads\/2024\/06\/h-1200x900.jpg 1200w\" sizes=\"auto, (max-width: 709px) 85vw, (max-width: 909px) 67vw, (max-width: 1362px) 62vw, 840px\" \/><\/figure>\n<!-- \/wp:image -->\n\n<!-- wp:image {\"id\":263,\"sizeSlug\":\"large\",\"linkDestination\":\"none\"} -->\n<figure class=\"wp-block-image size-large\"><img loading=\"lazy\" decoding=\"async\" width=\"1024\" height=\"768\" src=\"https:\/\/www.sarahs-schokoladen.at\/wp-content\/uploads\/2024\/06\/i-1024x768.jpg\" alt=\"\" class=\"wp-image-263\" srcset=\"https:\/\/www.sarahs-schokoladen.at\/wp-content\/uploads\/2024\/06\/i-1024x768.jpg 1024w, https:\/\/www.sarahs-schokoladen.at\/wp-content\/uploads\/2024\/06\/i-300x225.jpg 300w, https:\/\/www.sarahs-schokoladen.at\/wp-content\/uploads\/2024\/06\/i-768x576.jpg 768w, https:\/\/www.sarahs-schokoladen.at\/wp-content\/uploads\/2024\/06\/i-1536x1152.jpg 1536w, https:\/\/www.sarahs-schokoladen.at\/wp-content\/uploads\/2024\/06\/i-2048x1536.jpg 2048w, https:\/\/www.sarahs-schokoladen.at\/wp-content\/uploads\/2024\/06\/i-1200x900.jpg 1200w\" sizes=\"auto, (max-width: 709px) 85vw, (max-width: 909px) 67vw, (max-width: 1362px) 62vw, 840px\" \/><\/figure>\n<!-- \/wp:image -->\n\n<!-- wp:image {\"id\":264,\"sizeSlug\":\"large\",\"linkDestination\":\"none\"} -->\n<figure class=\"wp-block-image size-large\"><img loading=\"lazy\" decoding=\"async\" width=\"1024\" height=\"768\" src=\"https:\/\/www.sarahs-schokoladen.at\/wp-content\/uploads\/2024\/06\/j-1024x768.jpg\" alt=\"\" class=\"wp-image-264\" srcset=\"https:\/\/www.sarahs-schokoladen.at\/wp-content\/uploads\/2024\/06\/j-1024x768.jpg 1024w, https:\/\/www.sarahs-schokoladen.at\/wp-content\/uploads\/2024\/06\/j-300x225.jpg 300w, https:\/\/www.sarahs-schokoladen.at\/wp-content\/uploads\/2024\/06\/j-768x576.jpg 768w, https:\/\/www.sarahs-schokoladen.at\/wp-content\/uploads\/2024\/06\/j-1536x1152.jpg 1536w, https:\/\/www.sarahs-schokoladen.at\/wp-content\/uploads\/2024\/06\/j-2048x1536.jpg 2048w, https:\/\/www.sarahs-schokoladen.at\/wp-content\/uploads\/2024\/06\/j-1200x900.jpg 1200w\" sizes=\"auto, (max-width: 709px) 85vw, (max-width: 909px) 67vw, (max-width: 1362px) 62vw, 840px\" \/><\/figure>\n<!-- \/wp:image --><\/figure>\n<!-- \/wp:gallery -->\n\n<!-- wp:html -->\n<div>&nbsp;<\/div>\n<!-- \/wp:html -->\n\n<!-- wp:paragraph -->\n<p><\/p>\n<!-- \/wp:paragraph -->\n\n<!-- wp:paragraph -->\n<p><\/p>\n<!-- \/wp:paragraph -->\n\n<!-- wp:heading -->\n<h2 class=\"wp-block-heading\"><a href=\"https:\/\/www.sarahs-schokoladen.at\/wp-content\/uploads\/2024\/06\/Screenshot-2024-06-17-083401.jpg\"><img loading=\"lazy\" decoding=\"async\" class=\"alignleft wp-image-242\" src=\"https:\/\/www.sarahs-schokoladen.at\/wp-content\/uploads\/2024\/06\/Screenshot-2024-06-17-083401-300x288.jpg\" alt=\"\" width=\"250\" height=\"240\" srcset=\"https:\/\/www.sarahs-schokoladen.at\/wp-content\/uploads\/2024\/06\/Screenshot-2024-06-17-083401-300x288.jpg 300w, https:\/\/www.sarahs-schokoladen.at\/wp-content\/uploads\/2024\/06\/Screenshot-2024-06-17-083401-768x738.jpg 768w, https:\/\/www.sarahs-schokoladen.at\/wp-content\/uploads\/2024\/06\/Screenshot-2024-06-17-083401.jpg 885w\" sizes=\"auto, (max-width: 250px) 85vw, 250px\" \/><\/a>Trinkschokolade<\/h2>\n<!-- \/wp:heading -->\n\n<!-- wp:paragraph -->\n<p><\/p>\n<!-- \/wp:paragraph -->\n\n<!-- wp:paragraph -->\n<p><\/p>\n<!-- \/wp:paragraph -->\n\n<!-- wp:html -->\n<div class=\"wp-block-columns\">\n<div class=\"wp-block-column\">\n<p>Trinkschokolade mal anders, einfach den L\u00f6ffel in der Milch aufl\u00f6sen.<\/p>\n<p>Die Schoko-L\u00f6ffel gibt es bei mir aus Zartbitterkuvert\u00fcre, wei\u00dfer Kuvert\u00fcre oder 2-schichtig f\u00fcr alle die lieber eine Vollmilchtrinkschokolade haben wollen.<\/p>\n<p>Vor allem zur Weihnachtszeit verfeinere ich die Schoko-L\u00f6ffel mit gem\u00f6rserten Gew\u00fcrzen und selbstgemachten Gew\u00fcrzmischungen, wie Zimt, Kardamom, Lebkuchen oder Chai.<\/p>\n<\/div>\n<\/div>\n<!-- \/wp:html -->\n\n<!-- wp:html -->\n<div>&nbsp;<\/div>\n<!-- \/wp:html -->\n\n<!-- wp:html -->\n<div>\n<h2>Osterhasen im Glas<\/h2>\n<figure><a href=\"https:\/\/www.sarahs-schokoladen.at\/wp-content\/uploads\/2024\/06\/IMG_20230228_192245-scaled.jpg\"><img loading=\"lazy\" decoding=\"async\" class=\"alignright wp-image-241\" src=\"https:\/\/www.sarahs-schokoladen.at\/wp-content\/uploads\/2024\/06\/IMG_20230228_192245-300x225.jpg\" alt=\"\" width=\"250\" height=\"188\" srcset=\"https:\/\/www.sarahs-schokoladen.at\/wp-content\/uploads\/2024\/06\/IMG_20230228_192245-300x225.jpg 300w, https:\/\/www.sarahs-schokoladen.at\/wp-content\/uploads\/2024\/06\/IMG_20230228_192245-1024x768.jpg 1024w, https:\/\/www.sarahs-schokoladen.at\/wp-content\/uploads\/2024\/06\/IMG_20230228_192245-768x576.jpg 768w, https:\/\/www.sarahs-schokoladen.at\/wp-content\/uploads\/2024\/06\/IMG_20230228_192245-1536x1152.jpg 1536w, https:\/\/www.sarahs-schokoladen.at\/wp-content\/uploads\/2024\/06\/IMG_20230228_192245-2048x1536.jpg 2048w, https:\/\/www.sarahs-schokoladen.at\/wp-content\/uploads\/2024\/06\/IMG_20230228_192245-1200x900.jpg 1200w\" sizes=\"auto, (max-width: 250px) 85vw, 250px\" \/><\/a><\/figure><p><\/p>\n<p><!-- \/wp:html --><\/p>\n<p><!-- wp:columns --><\/p>\n<div class=\"wp-block-columns\"><!-- wp:column --><p><\/p>\n<div class=\"wp-block-column\"><!-- wp:paragraph --><p><\/p>\n<p>Eine Besonderheit zu Ostern sind meine Schoko-Osterhasen, nachhaltig und edel verpackt im Schraubglas. Die Hasen sind in Zartbitterkuvert\u00fcre oder wei\u00dfer Kuvert\u00fcre erh\u00e4ltlich. Jeder Hase sitzt in einem Nest aus essbarem Ostergras.<\/p>\n<\/div>\n<\/div>\n<\/div>\n<!-- \/wp:html -->\n\n<!-- wp:paragraph -->\n<p><\/p>\n<!-- \/wp:paragraph --><!-- \/wp:post-content -->","protected":false},"excerpt":{"rendered":"<p>F\u00fcr die Herstellung von Pralinen und Tafelschokoladen verwende ich hochwertige Kuvert\u00fcre. Die Kuvert\u00fcre wird bei mir immer von Hand auf einer Steinplatte tabliert, denn dadurch l\u00e4sst sie sich am Besten auf die richtige Verarbeitungstemperatur bringen. Die verschiedenen Ausf\u00fchrungen in Form, Farbe und Verzierung der Pralinen erm\u00f6glichen es die F\u00fcllung anhand ihres Aussehens abzuleiten. Auf Grund dieser Varianten kann ich auch so viele unterschiedliche Sorten in meinem Sortiment anbieten. Bei Ganachen mit Alkohol arbeite ich gerne mit regionalen Produkten, wie zum &hellip; <a href=\"https:\/\/www.sarahs-schokoladen.at\/?page_id=15\" class=\"more-link\">Continue reading<span class=\"screen-reader-text\"> &#8222;Pralinen &#038; Schokolade&#8220;<\/span><\/a><\/p>\n","protected":false},"author":1,"featured_media":0,"parent":0,"menu_order":0,"comment_status":"closed","ping_status":"closed","template":"","meta":{"footnotes":""},"class_list":["post-15","page","type-page","status-publish","hentry"],"_links":{"self":[{"href":"https:\/\/www.sarahs-schokoladen.at\/index.php?rest_route=\/wp\/v2\/pages\/15","targetHints":{"allow":["GET"]}}],"collection":[{"href":"https:\/\/www.sarahs-schokoladen.at\/index.php?rest_route=\/wp\/v2\/pages"}],"about":[{"href":"https:\/\/www.sarahs-schokoladen.at\/index.php?rest_route=\/wp\/v2\/types\/page"}],"author":[{"embeddable":true,"href":"https:\/\/www.sarahs-schokoladen.at\/index.php?rest_route=\/wp\/v2\/users\/1"}],"replies":[{"embeddable":true,"href":"https:\/\/www.sarahs-schokoladen.at\/index.php?rest_route=%2Fwp%2Fv2%2Fcomments&post=15"}],"version-history":[{"count":25,"href":"https:\/\/www.sarahs-schokoladen.at\/index.php?rest_route=\/wp\/v2\/pages\/15\/revisions"}],"predecessor-version":[{"id":307,"href":"https:\/\/www.sarahs-schokoladen.at\/index.php?rest_route=\/wp\/v2\/pages\/15\/revisions\/307"}],"wp:attachment":[{"href":"https:\/\/www.sarahs-schokoladen.at\/index.php?rest_route=%2Fwp%2Fv2%2Fmedia&parent=15"}],"curies":[{"name":"wp","href":"https:\/\/api.w.org\/{rel}","templated":true}]}}